What is the units digit of n?
4
Suppose 5*g + 180 = -2*w + 722, 3*w = -5*g + 543. What is the tens digit of g?
0
What is the hundreds digit of 3 + 349/2 + (-4)/(-8)?
1
Suppose 4*o + 0 + 12 = 0, -3*g = -4*o - 9. What is the units digit of (-36)/g*(-2)/(-4)?
8
Let o = -2 + -1. Let j(v) be the second derivative of v**4/6 - v**3/6 - 2*v**2 - 5*v. What is the tens digit of j(o)?
1
Let c = -17 + 26. What is the units digit of c?
9
Let y be 8/10 - 1872/15. Let m = -89 - y. What is the tens digit of m?
3
Suppose -27 = 5*r - 67. Let j = 2 + 2. Suppose -36 = -j*o + r. What is the units digit of o?
1
Let j be 4/12 + (-2)/6. Suppose j*d - 3*d + 39 = 0. What is the units digit of d?
3
Let y(i) = -3*i**3 + 11*i**3 + 9*i - 9*i**3 - 9*i**2 + i. Let o be y(-10). Suppose o*j = 2*j + 4, -33 = -3*r + 3*j. What is the units digit of r?
9
Let l(j) = -3*j**3 + 7*j**2 + 8*j - 3. Let n(i) = -5*i**3 + 14*i**2 + 15*i - 5. Let s(b) = -7*l(b) + 4*n(b). What is the units digit of s(-6)?
3
Let v(c) = c + 3. Suppose -i = -4 - 5. What is the units digit of v(i)?
2
Let z(l) = l**3 - 10*l**2 + 10*l - 13. Let g be z(9). Let w(a) = -a**2 - 2*a + 1. Let i be w(g). What is the units digit of 4 + -1 - (6 + i)?
4
Suppose -5*m + p + 79 = 0, 0*m + 3*p + 27 = m. Let q be (-10)/m - (-74)/3. Suppose -q = i - 5*i. What is the units digit of i?
6
Let l be (-148)/(-18) + (-10)/45. Let h = l - 0. What is the units digit of h?
8
Let g = 22 + -8. Let c be -2 - (-2)/(4/g). Suppose -2*v - 2*v + 20 = 4*k, c*v - 31 = -2*k. What is the units digit of v?
7
Let t = 4 - 2. Suppose -o - 5 = -4*b + b, -t*b + 4 = 0. What is the units digit of o?
1
Let l = -20 - -59. What is the units digit of l?
9
Let l(y) = -y**3 + 8*y**2 + 4*y + 15. What is the tens digit of l(8)?
4
Let a = 22 + -16. Suppose 3 = k - a. What is the units digit of k?
9
Let k = 7 + -5. What is the tens digit of (27/(-2))/(-1)*k?
2
Let a(x) = -x**3 - 8*x**2 - 3*x - 7. Let j = 14 - 20. Let k be 1/2 + 51/j. What is the tens digit of a(k)?
1
Suppose 0 = 4*n + 4*y - 7 - 1, -3*n - 2*y = -1. Let b(c) = -15*c - 4. What is the units digit of b(n)?
1
Suppose -4*q = -0*q. Suppose b - 14 = -q*b. Suppose -2*t + 6 = -b. What is the tens digit of t?
1
Let i = -4 - -8. Suppose k + i = 3*y - 6, 5*y + k = 6. Suppose 0 = -0*m - y*m + 40. What is the units digit of m?
0
Let q be 22/4*42/(-7). What is the tens digit of (-1)/(3/3)*q?
3
Suppose 0 = -2*k + 5*p + 8, -p = -4*k + 2*p + 16. What is the units digit of k?
4
Let w be 4/((-32)/12)*-16. Suppose 0 = -j + w - 4. What is the units digit of j?
0
Let h be (-1 - -1) + 7 + -2. Suppose -29 = -3*k - h. What is the units digit of k?
8
What is the tens digit of 5/15 + (-573)/(-9)?
6
Suppose 2*r + 3 - 11 = 0, 0 = q - 3*r - 29. What is the units digit of q?
1
What is the units digit of (65/(-10) + (-9)/(-3))*-16?
6
Suppose 60 = 5*j - 5*g, 3*j + 0*g - 2*g - 31 = 0. Suppose 0 = j*l - 2*l - 100. Suppose -5*h + 18 = -2, r + h = l. What is the units digit of r?
6
Let l be 2/(-4) + (-10)/(-4). Let g be l - 24/(-3) - 2. Suppose 0 = -5*x + 12 + g. What is the units digit of x?
4
Let y be 10 + -6 + (-3 - -6). Let k(i) = -3*i + 7. Let t be k(y). Let u = -7 - t. What is the units digit of u?
7
Suppose -i = 4, 3*t - 3*i - 111 = -0. Suppose -2*s + t = s. What is the units digit of s?
1
Suppose -19 = 3*l - 5*t - 0*t, 2*t - 16 = 4*l. Let n(m) = m**2 + m - 4. What is the units digit of n(l)?
2
Let v(o) = -4*o + 7. Let m be v(-7). Suppose 4*c = -3*q + 3 + 4, -5*q + m = -5*c. Suppose q*w + 2*r = 59, 3*w - 19 = 4*r + 6. What is the tens digit of w?
1
Suppose b = h + 2*h - 26, -h + 5 = -4*b. What is the units digit of h?
9
Let l(n) = 13*n - n**2 + 4*n + 9 + 4*n - 33*n. What is the units digit of l(-9)?
6
Suppose -3*h + 2 = -7. What is the units digit of h?
3
Let d = 178 + -115. Suppose -k + d = 2*k. What is the units digit of k?
1
Let n(h) = h**2 - 9*h + 19. What is the units digit of n(13)?
1
Suppose 0 = -3*p + 5 + 19. Suppose -5*w = -6 - 54. Suppose p = 5*f - w. What is the units digit of f?
4
Suppose 40*p - 42*p = -554. What is the hundreds digit of p?
2
Let z = -29 - -55. Suppose z = 3*t - 2*j, -3*j + 29 = 8*t - 4*t. Suppose 3*o - 16 = t. What is the units digit of o?
8
Let m be (-1 + 1)/(-1 - 0). Let y = m - -5. What is the units digit of y?
5
What is the units digit of 96/6 + 3 + 1?
0
Let s(y) = y**3 + 6*y**2 + 2. Let r be s(-6). What is the units digit of (-1)/(r*1/(-18))?
9
Suppose 0 = -0*h + h + 12. Let y = 18 + h. Let r = y - -3. What is the units digit of r?
9
What is the units digit of 2*(-3)/12*-96?
8
Let n be (-1)/(1/(-1*2)). Suppose 0*x + 2*x - 16 = -n*u, u = 2*x + 14. What is the units digit of u?
0
Let q = -19 + 17. Let y = q + 5. What is the units digit of y?
3
Suppose -3*r = 140 - 569. Suppose 5*b + 33 - r = 0. What is the tens digit of b?
2
Let l(z) = z**3 - 9*z**2 + z + 22. What is the units digit of l(11)?
5
Suppose -4*d + w = -131, -3*d + 7*d + 2*w = 134. Let j = d - 17. What is the tens digit of -2 - ((2 - j) + 0)?
1
Let q(z) be the third derivative of z**5/30 + z**4/6 + z**3/3 - z**2. Let n be ((-4)/(-5))/(2/(-5)). What is the units digit of q(n)?
2
Suppose 3*y - 52 = 2*t, 2*t - t = y - 24. Let g = 40 + t. What is the units digit of g?
0
Let j(c) = -c**3 - 7*c**2 - 8*c + 1. Let a(u) be the second derivative of -u**3/3 + u**2 - 2*u. Let i be a(4). What is the tens digit of j(i)?
1
Let y(g) = -4*g**2 - 8*g - 27. Let c(o) = 3*o**2 + 5*o + 18. Let q(r) = 7*c(r) + 5*y(r). Let p be q(7). Let j = 10 - p. What is the units digit of j?
5
Let j(t) = -t - 2. Let f be j(-7). Let q = f + 7. What is the units digit of q?
2
Let c be (23/(-1))/((-5)/(-10)). Let m = -13 - c. What is the units digit of m?
3
Let n be (-57)/9 + 3/9. Let y be n/(-33) + (-357)/(-33). Suppose 2*q = -5*d + 10, 2*q - y = -3*d + 7. What is the units digit of q?
5
Let i be (-1)/(-2) + 679/14. Let n = 70 - i. Suppose -n - 12 = -3*r. What is the units digit of r?
1
Let b be -2 + 2 + 0/3. Suppose b = -2*v - 0*v + 4*t + 34, 2*t - 21 = -v. What is the units digit of v?
9
Let h(z) = -z - 7. Let g be h(-5). Let r = g - -19. What is the units digit of r?
7
Let h(d) = -d**3 + 6*d**2 + d + 2. Let n be h(6). Suppose -2*o + 3*z = z - 2, n = -o - 2*z. What is the units digit of ((-2)/(-5))/(o/(-5))?
1
Suppose -4*d = -0*d - 144. Suppose -2*f = 2*f - d. Suppose 0*o = 3*o - f. What is the units digit of o?
3
Suppose -3*j - 2*j + 45 = 0. Let d = j + -4. What is the units digit of d?
5
Suppose -19 = -4*t - 7. Let k(z) = z**3 - 2*z**2. Let n be k(t). Let u = -1 + n. What is the units digit of u?
8
Suppose -3*q + 1 = -2*q. Let y(k) = 0*k**2 - q - k**2 - 6*k - 2*k + 10. What is the units digit of y(-8)?
9
Let h = 46 + -25. What is the tens digit of h?
2
Let i = 216 - 22. What is the units digit of i?
4
Let s = -2 - 3. Let n = 1 + s. What is the units digit of (1 - -5)*n/(-3)?
8
Let v(x) = -2*x**3 + 1 + 10*x**2 - 4*x**2 + x**3 - 6*x. Let j be v(5). What is the units digit of 1/(-2)*16/j?
2
Suppose -3*o - 4*d = -o - 158, -5*d = -5*o + 335. What is the tens digit of o?
7
Let h(v) = -v**3 + 5*v**2 + 3*v - 4. Let g(m) = m**3 - 7*m**2 + 6*m + 5. Let d be g(6). Suppose -27 = -d*t - 2. What is the tens digit of h(t)?
1
Let u(x) = x**3 - 11*x**2 + 9*x - 34. Let v be u(10). Suppose -4*g + y = g + 145, 0 = -4*g - 4*y - 92. Let k = g - v. What is the tens digit of k?
1
Let d(i) = i**3 - 11*i**2 - 9*i - 13. What is the tens digit of d(12)?
2
Let j = 839 - 585. What is the tens digit of j?
5
Let j = -82 - -244. What is the tens digit of j?
6
Suppose 5*u = -5*o - 56 + 16, -14 = u + 4*o. Let j(b) = -b**2 - 9*b - 9. Let t be j(u). Suppose -3*h = -30 - t. What is the tens digit of h?
1
Let y(p) = -7*p**3 + 10*p**2 - 3*p - 3. Let m(q) = 15*q**3 - 21*q**2 + 6*q + 6. Let j(n) = -6*m(n) - 13*y(n). What is the units digit of j(3)?
3
Suppose -v - 6 = -3*t, -3*t + 18 = 5*v - 2*t. Suppose -2*d - 59 = -5*a, 24 = 5*a - v*a - d. What is the tens digit of a?
1
Let i = 21 + 58. What is the units digit of i?
9
Let h be 8/12 + (-98)/(-6). Let r = -11 + h. Suppose -r = -n + 2. What is the units digit of n?
8
Let z(u) = u**2 + u - 4. What is the units digit of z(-5)?
6
Let q(c) = c**3 - 4*c**2 - 2*c - 4. Let z be q(5). Let d = 27 - z. Suppose 3*p + 38 = 4*r + 2*p, -2*r + d = p. What is the units digit of r